. Calculate the remainder when v is divided by o.
5
Let d = 63 + -37. Suppose -d = -5*p + 9. Suppose 14*b = p*b + 91. Calculate the remainder when b is divided by 4.
1
Let x(z) = -z**3 - 8*z**2 + 2*z + 19. Let s be x(-8). Suppose -3*y = -5*g - 7*y + 809, -s = -3*y. Calculate the remainder when g is divided by 18.
17
Let y(k) = 12*k - 10. Let m(s) = -2*s**2 - 36*s + 11. Calculate the remainder when m(-15) is divided by y(3).
23
Let h = 877 + -449. Calculate the remainder when h is divided by 27.
23
Suppose 4*b = -4*y - 56, -54 = 4*y + b + 2*b. Calculate the remainder when 79 is divided by (-18)/y - 14/(-4).
4
Let q(f) = 20 + 56*f**3 + 7*f + 53*f**3 - 7*f - 110*f**3 - 3*f**2 + 7*f. What is the remainder when 114 is divided by q(-5)?
9
Suppose 18 = 5*y + 3*i - 2*i, 2*y = 3*i - 3. Suppose 3*d - 290 = -5*x, -145 = -y*x - 0*x + 4*d. Calculate the remainder when 69 is divided by x.
14
Let j = -19 + 19. Suppose j = q - 5*x - 26, -q - 4*x - x = -6. Calculate the remainder when 5 is divided by (3/(-4))/(((-12)/q)/3).
2
Let k(w) = 90*w - 964. What is the remainder when 2334 is divided by k(11)?
20
Let t(w) = 330*w - 527. Calculate the remainder when t(11) is divided by 97.
96
Let r be 4/((-2)/(-20) - 0). Let d(p) = -3*p**3 + 25*p**2 - 5*p - 15. What is the remainder when 6/9*3 + r is divided by d(8)?
6
Let z = 136 - 141. Calculate the remainder when (-102)/(-12) - z/10 is divided by 2.
1
Let n = -7184 + 7296. Calculate the remainder when 451 is divided by n.
3
Let k = 36 + 11. Suppose 815*z - 818*z + 257 = -2*r, 16 = 2*r. Calculate the remainder when z is divided by k.
44
Let t(g) = 982*g + 4167. What is the remainder when 7639 is divided by t(-4)?
230
Suppose 5*l = -d + 11431, -680 - 6193 = -3*l + 3*d. Calculate the remainder when l is divided by 755.
22
Let a(g) = g**3 - 11*g**2 - 15*g - 22. Let i be a(11). Let h = 258 + i. Calculate the remainder when h is divided by 21.
8
Suppose 3*f = -5*a + 151, -2*a + 147 - 41 = 2*f. Let c be 276/48 - 4/(-32)*-6. Let y(w) = -31*w + 267. What is the remainder when y(c) is divided by f?
55
Suppose -4*v = -k + 18, -2*v = 4*k - 3*v + 3. Calculate the remainder when 150 is divided by k/(225/33 + -7).
7
Let o(k) = 15*k**2 - k - 6. Let d be o(3). Suppose 7*r = -2*r + d. Calculate the remainder when 96 is divided by r.
12
Let m be 2 + (-5607)/(45/(-5)). Let i = m - 488. What is the remainder when i is divided by 23?
22
Suppose -z + 0*z = 0. Let g be (-15)/(-12) - 3*5/(-20). Suppose z*t + 29 = 4*m + t, 0 = -g*t + 10. Calculate the remainder when 22 is divided by m.
4
Let t(d) = 5*d**2 - 301*d + 79. Calculate the remainder when 21 is divided by t(60).
2
Let h(l) = 3*l**3 - 247*l**2 - 166*l + 287. Calculate the remainder when h(83) is divided by 58.
55
Let k = 13537 - 13020. Calculate the remainder when 613 is divided by k.
96
Let t = 156 + -152. Calculate the remainder when (9485/15)/7*(t - 1) is divided by 34.
33
Suppose 0 = k - 4*c + 6, 0 = -k - 9*c + 8*c + 4. Suppose -2*g + 6 = 0, k*s - 21 = -2*g - g. Calculate the remainder when 45 is divided by s.
3
Suppose -17*q - 910 = -978. What is the remainder when 366 is divided by q?
2
Suppose -235*a + 107051 + 117844 = 0. Calculate the remainder when a is divided by 191.
2
Let t = 26 + -24. Suppose 14 = -t*m + 22. Suppose -c - m*r = -26, 0*c + 3*c = 4*r - 2. What is the remainder when 13 is divided by c?
1
What is the remainder when (-8)/(((-6660)/1712)/15 + (-4)/(-16)) is divided by 141?
10
Let q = 262 - 280. What is the remainder when 93 is divided by q/(-81) - (-428)/18?
21
Let c = -1856 + 1870. Calculate the remainder when 26 is divided by c.
12
Calculate the remainder when 4591 is divided by (4 - (-195)/20)/(220/352).
15
Suppose 2 = -2*i + 26. Suppose -25*r - 16 = -29*r. What is the remainder when (-4)/3*(-126)/i is divided by r?
2
Let m = 5455 - 5420. Calculate the remainder when 278 is divided by m.
33
Suppose -13 = -2*h - 9. Suppose -2*l - h*l = -948. What is the remainder when l is divided by 16?
13
Let u = -1196 - -1221. Calculate the remainder when u is divided by (11 - -2) + -2 + 2.
12
Suppose -59*c - 293 = -60*c. Suppose 2*q = -q - 4*o + 212, 5*o = 4*q - c. Calculate the remainder when q is divided by 20.
12
Let q be ((-15)/4)/((-60)/80). Suppose q*p + r = 145, 4*p + 5*r = 105 + 32. What is the remainder when p is divided by 25?
3
Suppose 605 = 7*f - 11. What is the remainder when 267 is divided by -78*f/(-231) + (-4)/(-14)?
27
Suppose 0*l - 4*l - 102 = -7*b, -3*b - l + 60 = 0. What is the remainder when 2195 is divided by b?
17
Let t(m) = -m**2 - 14*m - 29. Let q be t(-11). Suppose -q*j = -6*j + 44. What is the remainder when 63 is divided by j?
19
Suppose 4*i - 6 = -22, -t = -3*i - 17. Let j(g) = -43*g. Let f(a) = 52*a - 4. Let h(b) = 6*f(b) + 7*j(b). What is the remainder when h(t) is divided by 17?
14
Let i = -128 + 133. Suppose 19*r = 22*r + i*m - 16, 3*m = -5*r + 48. What is the remainder when 38 is divided by r?
2
Let l(s) = 4*s**2 - 83*s - 323. Calculate the remainder when 302 is divided by l(25).
98
Suppose q - 3*r - 404 = 6*q, -3*q + 4*r - 225 = 0. Let f = q - -262. Calculate the remainder when f is divided by 46.
45
Let w = 19 - 17. Suppose 2*r + 9 = -r + 5*v, -2*r - w = -2*v. Suppose 8 = 2*h, r*h = -0*s - 2*s + 46. Calculate the remainder when 111 is divided by s.
16
Calculate the remainder when 4976/11 + ((-112)/77)/4 is divided by 22.
12
Let k(n) = -n**2 - 10*n + 94. Let b be k(-16). What is the remainder when 42/18 + b - 107/(-3) is divided by 80/6 + 2/(-6)?
10
Let l(g) = 11*g**3 - 7*g**2 + 7*g + 7. Let v(t) = 2*t - 5. Let j be v(4). Calculate the remainder when l(j) is divided by 33.
31
Let n(i) = -2*i**3 + 20*i**2 - 14*i - 30. Let p = -91 - -131. Calculate the remainder when p is divided by n(9).
4
Suppose b - 17 - 43 = -3*t, 3*b - t = 170. Let c be 10/1*(5 + -3 - -2). Let x = -18 + c. What is the remainder when b is divided by x?
13
Suppose -121*a = -4487 - 1039 + 807. Calculate the remainder when 1514 is divided by a.
32
Suppose -5*v + i + 139 = 0, -5*v = i - 172 + 21. What is the remainder when 664 is divided by v?
26
Let p be 5/15 - (62/6 + -4). Calculate the remainder when (3 - -4) + 151 - p is divided by 11.
10
Let r be 0*(39/6)/13. Suppose -2*q + 8 + 0 = r, -5*i + 74 = q. What is the remainder when 46 is divided by i?
4
Suppose 0 = -6*s + 11*s - 10. Let m(f) = 7*f - f + 5*f - 10 - s*f. Calculate the remainder when 49 is divided by m(3).
15
Let m be ((-189)/54)/((1/(-62))/1). Let y = m - 196. Calculate the remainder when 120 is divided by y.
15
Suppose 0 = -3*j + 3*d + 60, -68 = 2*j - 5*j + d. Let l(i) = -i**3 + 6*i**2 + 6. What is the remainder when l(6) is divided by ((-8)/j)/((-1)/15)?
1
Let t(g) = 23*g**3 + 3*g**2 + 3*g - 6. What is the remainder when 752 is divided by t(1)?
16
Suppose -14*u - s = -15*u + 4, -5*u + 40 = -s. Suppose -h + u = -5*x - 6, -4*h - 4*x + 156 = 0. What is the remainder when 174 is divided by h?
34
Suppose 16 = -4*f + 8*f. Suppose 1 + f = r. Suppose u + 52 = r*u. What is the remainder when 35 is divided by u?
9
Let f = -15 + -3. Let w be 93/2 + 9/f. Let a = -34 + w. Calculate the remainder when 21 is divided by a.
9
Suppose 6*m - 2*w - 540 = 0, 5*m + 3*w - 85 = 393. What is the remainder when 2098 is divided by m?
74
What is the remainder when 1556 is divided by 3/2*(9 - 2369/(-69))?
61
Suppose 2835 = 5*z - 5*d, -5*d + 255 = 4*z - 1977. Suppose -2*w + 123 = -3*a - 36, 4*w - 5*a - 319 = 0. What is the remainder when z is divided by w?
77
Suppose 51*f + 119*f + 45662 - 187952 = 0. Calculate the remainder when f is divided by 196.
53
Suppose 32*u + 7*w - 4316 = 31*u, 2*u + w - 8710 = 0. What is the remainder when u is divided by 109?
107
Suppose -3*z + b + 9 = 0, 193*b = -3*z + 189*b + 39. Calculate the remainder when (-2)/4 + 50/4 is divided by z.
2
Suppose 3*a + 3544 = m, -2*m + 4*a + 8629 - 1559 = 0. Calculate the remainder when m is divided by 352.
349
Let u(c) = 37*c + 2364. What is the remainder when 1193 is divided by u(-61)?
16
Suppose 0 = 243*y - 3028964 - 1044202. Calculate the remainder when y is divided by 44.
42
Suppose -4*w - 2*k + 878 = 0, 20*k - 1 = 19*k. Calculate the remainder when w is divided by 1/(-3)*-3 - -19.
19
Suppose 4*w = 33899 + 19185. Suppose -29*z + w = 279. Calculate the remainder w